{"id":30,"date":"2022-06-02T09:02:09","date_gmt":"2022-06-02T09:02:09","guid":{"rendered":"https:\/\/pierogi.ch\/?page_id=30"},"modified":"2022-07-09T19:34:00","modified_gmt":"2022-07-09T19:34:00","slug":"ueber","status":"publish","type":"page","link":"https:\/\/pierogi.ch\/?page_id=30","title":{"rendered":"3. \u00dcber"},"content":{"rendered":"\n<p>Dies Pierogi &#8211; Homepage wurde auf private Initiative erstellt.<\/p>\n\n\n\n<p>Stefan van Velsen aus Winterthur reiste 1996 und 2002 mit dem Fahrrad quer durch Kanada und lernte die <strong>\u00ab<strong>Pierogi<\/strong>\u00bb<\/strong> zuerst in &#8222;Truck Stops&#8220; als Mahlzeit in Restaurants und TAKE AWAY kennen. Diese gef\u00fcllten Teigtaschen erweiterten seinen Speiseplan als Abwechslung zur Nordamerikanischen K\u00fcche.<\/p>\n\n\n\n<p>Ein so weit verbreitetes Produkt in allen Tiefk\u00fchltruhen der Superm\u00e4rkte sowie vielen privaten Haushalten Nordamerikas. Warum kennen wir das in der Schweiz noch so wenig?<\/p>\n\n\n\n<p>Vielleicht verbreiten sich die <strong>\u00ab<strong>Pierogi<\/strong>\u00bb<\/strong> aufgrund der aktuelle Lage auch hier in der Schweiz, bereichern auch unsere Mahlzeiten kulinarisch und m\u00f6gen Person aus slawischen L\u00e4ndern hier ein St\u00fcck Heimat bieten.<\/p>\n\n\n\n<p><span style=\"font-size: revert; background-color: var(--wp--preset--color--foreground); color: var(--wp--preset--color--background); font-family: var(--wp--preset--font-family--system-font);\"><\/span><\/p>\n","protected":false},"excerpt":{"rendered":"<p>Dies Pierogi &#8211; Homepage wurde auf private Initiative erstellt. Stefan van Velsen aus Winterthur reiste 1996 und 2002 mit dem Fahrrad quer durch Kanada und lernte die \u00abPierogi\u00bb zuerst in &#8222;Truck Stops&#8220; als Mahlzeit in Restaurants und TAKE AWAY kennen. Diese gef\u00fcllten Teigtaschen erweiterten seinen Speiseplan als Abwechslung zur Nordamerikanischen K\u00fcche. Ein so weit verbreitetes [&hellip;]<\/p>\n","protected":false},"author":1,"featured_media":0,"parent":0,"menu_order":0,"comment_status":"closed","ping_status":"closed","template":"","meta":{"spay_email":"","footnotes":""},"class_list":["post-30","page","type-page","status-publish","hentry"],"jetpack-related-posts":[{"id":2,"url":"https:\/\/pierogi.ch\/?page_id=2","url_meta":{"origin":30,"position":0},"title":"1. Gesch\u00e4ft","date":"Juni 1, 2022","format":false,"excerpt":"Es gibt in der Schweiz bereits einige Orte wo man \u00abPierogi\u00bb kaufen kann. Hier eine Auswahl: PostleitzahlOrtLink1208Gen\u00e8vehttp:\/\/lespierogi.ch4512Bellachhttps:\/\/www.moja-tawerna.ch\/4056Baselhttps:\/\/www.pelmenishop.com\/5622Waltenschwilhttps:\/\/pelmen.ch\/8105Regensdorfhttps:\/\/pelmeniandmore.ch\/8400WinterthurDirektverkauf8409Winterthurhttps:\/\/www.mastai.ch8032Z\u00fcrichhttps:\/\/kopernik-shop.chneu take away Fehlt Ihr Eintrag hier? Nehmen Sie doch Kontakt mit Stefan van Velsen auf: 076 327 10 11 Weiterkommen Hast Du konstruktive Inputs zu dieser WEB-Seite? M\u00f6chtest Du ein TAKE AWAY er\u00f6ffnen?\u2026","rel":"","context":"\u00c4hnlicher Beitrag","img":{"alt_text":"","src":"","width":0,"height":0},"classes":[]},{"id":87,"url":"https:\/\/pierogi.ch\/?page_id=87","url_meta":{"origin":30,"position":1},"title":"2. Zubereitung","date":"Juli 9, 2022","format":false,"excerpt":"Nat\u00fcrlich schmecken selbst von Hand gemachte Pierogi nach wie vor am besten. Doch es gibt eine gute Alternative. Pierogi gibt es tiefgefroren. Die Zubereitung ist sehr einfach. Schau Dir an, wie man die kocht. https:\/\/www.youtube.com\/embed\/It-1wdkr28s ZubereitungHerunterladen","rel":"","context":"\u00c4hnlicher Beitrag","img":{"alt_text":"","src":"https:\/\/i0.wp.com\/pierogi.ch\/wp-content\/uploads\/2022\/07\/pierogi-ruskie-kartoffeln-kaese-elena-verpackt-edited-1.jpeg?resize=350%2C200&ssl=1","width":350,"height":200},"classes":[]}],"_links":{"self":[{"href":"https:\/\/pierogi.ch\/index.php?rest_route=\/wp\/v2\/pages\/30","targetHints":{"allow":["GET"]}}],"collection":[{"href":"https:\/\/pierogi.ch\/index.php?rest_route=\/wp\/v2\/pages"}],"about":[{"href":"https:\/\/pierogi.ch\/index.php?rest_route=\/wp\/v2\/types\/page"}],"author":[{"embeddable":true,"href":"https:\/\/pierogi.ch\/index.php?rest_route=\/wp\/v2\/users\/1"}],"replies":[{"embeddable":true,"href":"https:\/\/pierogi.ch\/index.php?rest_route=%2Fwp%2Fv2%2Fcomments&post=30"}],"version-history":[{"count":10,"href":"https:\/\/pierogi.ch\/index.php?rest_route=\/wp\/v2\/pages\/30\/revisions"}],"predecessor-version":[{"id":97,"href":"https:\/\/pierogi.ch\/index.php?rest_route=\/wp\/v2\/pages\/30\/revisions\/97"}],"wp:attachment":[{"href":"https:\/\/pierogi.ch\/index.php?rest_route=%2Fwp%2Fv2%2Fmedia&parent=30"}],"curies":[{"name":"wp","href":"https:\/\/api.w.org\/{rel}","templated":true}]}}